{"id":2227,"date":"2025-07-08T11:02:58","date_gmt":"2025-07-08T11:02:58","guid":{"rendered":"https:\/\/maliterra.ro\/?post_type=product&#038;p=2227"},"modified":"2026-02-08T09:25:49","modified_gmt":"2026-02-08T09:25:49","slug":"scara-raiului-12-trepte-de-iluminare-malina-mariana-bjorklund","status":"publish","type":"product","link":"https:\/\/maliterra.ro\/?product=scara-raiului-12-trepte-de-iluminare-malina-mariana-bjorklund","title":{"rendered":"SCARA RAIULUI &#8211; Metoda celor 12 Trepte de iluminare &#8211; Malina Mariana Bj\u00f6rklund"},"content":{"rendered":"<h2><strong>Despre carte<\/strong><\/h2>\n<p>Cartea a fost lansat\u0103 pentru prima dat\u0103 pe 15 Februarie 2025, la Bucure\u0219ti, sub egida <strong>Editurii Createrra,<\/strong> \u00een evenimentul de lansare de carte colectiv\u0103 &#8211;<strong>TransformNation, un eveniment caritabil, <\/strong>unde \u00eempreun\u0103 cu al\u021bi 89 de autori, a intrat \u00een Cartea Recordurilor \u00een Rom\u00e2nia, fiind cel mai mare eveniment de lansare de carte colectiv.<\/p>\n<p>Ulterior cartea a fost publicat\u0103 \u0219i cu <strong>Editura Maliterra Rom\u00e2nia<\/strong> \u0219i cu <strong>MaliTerra Publishing Agency Finlanda.<\/strong><\/p>\n<p><em data-start=\"251\" data-end=\"268\">\u201eScara Raiului\u201d<\/em> este pe l\u00e2ng\u0103 o carte deosebit\u0103, este o candel\u0103 spiritual\u0103 aprins\u0103 \u00een \u00eentunericul vie\u021bii cotidiene. Scris\u0103 cu o tandre\u021be dezarmant\u0103 \u0219i o autenticitate profund\u0103, aceast\u0103 lucrare te poart\u0103 pas cu pas, prin cele 12 trepte de iluminare, \u00eentr-o c\u0103l\u0103torie sacr\u0103 spre esen\u021ba fiin\u021bei tale. Este un ghid transformator, menit s\u0103 vindece trecutul, s\u0103 lumineze prezentul \u0219i s\u0103 creeze viitorul \u00een termeni de iubire, credin\u021b\u0103 \u0219i curaj. Cu fiecare pagin\u0103, sim\u021bi cum sufletul t\u0103u urc\u0103, cum greut\u0103\u021bile devin lec\u021bii \u0219i cum inima se deschide c\u0103tre divin. Este o hart\u0103 a sufletului pentru cei care \u00eendr\u0103znesc s\u0103 \u00ee\u0219i descopere lumina interioar\u0103.<\/p>\n<p>Cartea Scara Raiului este pe l\u00e2ng\u0103 o metod\u0103 transforma\u021bional\u0103 \u0219i o c\u0103l\u0103torie personal\u0103 de via\u021b\u0103, inspira\u021bional\u0103 a autoarei, care prin credin\u021ba \u00een Dumnezeu \u0219i iubirea pentru ortodoxie, pentru oameni, a reu\u0219it s\u0103-\u0219i descopere lumina interioar\u0103 \u0219i s\u0103 transforme vechile tipare \u00een modele noi de lumin\u0103. Metoda, ofer\u0103 instrumente pentru a construi propria scar\u0103 c\u0103tre raiul t\u0103u interior, ghid\u00e2ndu-te s\u0103 creezi obiective clare, feluri necesare de a fi, aliniate cu valorile tale. Fiecare liter\u0103 din SCARA RAIULUI este o treapt\u0103 de vibra\u021bie \u00eenalt\u0103, ce deschide u\u0219i c\u0103tre niveluri superioare ale con\u0219tiin\u021bei umane. \u00ce\u021bi recomand aceast\u0103 carte cu drag aceast\u0103 carte\u201d<\/p>\n<p>&nbsp;<\/p>\n<h2><strong>Despre autor\u00a0<\/strong><\/h2>\n<p data-start=\"190\" data-end=\"636\">Malina Mariana Bj\u00f6rklund, este o voce profund\u0103 a transform\u0103rii \u0219i un far de lumin\u0103 \u00een lumea dezvolt\u0103rii personale \u0219i spirituale. Crescut\u0103 \u00een orfelinatele comuniste \u0219i modelat\u0103 de suferin\u021bele unei copil\u0103rii marcate de lipsuri, ea a ales s\u0103-\u0219i transforme povestea \u00eentr-o punte c\u0103tre vindecare, curaj \u0219i iubire necondi\u021bionat\u0103. Fiecare pas din via\u021ba ei a devenit o treapt\u0103 pe <em data-start=\"549\" data-end=\"564\">Scara Raiului<\/em>, iar fiecare ran\u0103, o s\u0103m\u00e2n\u021b\u0103 de lumin\u0103 din care s-a n\u0103scut inspira\u021bia.<\/p>\n<p data-start=\"638\" data-end=\"987\">Scriitoare, mentor spiritual, editor \u0219i fondatoare a Editurii Maliterra, Malina a reu\u0219it s\u0103 transforme propria ei c\u0103utare interioar\u0103 \u00eentr-un drum ghidat pentru ceilal\u021bi. Ea este o alchimist\u0103 a cuv\u00e2ntului \u0219i a vie\u021bii, o femeie care a transformat cicatricile copil\u0103riei tr\u0103ite, \u00een ferestre deschise c\u0103tre lumin\u0103. Prin harul scrisului \u0219i puterea inimii, Malina a creat c\u0103rti, metode vii, un drum revelatoriu: \u201eScara Raiului\u201d. Ea este dovada vie c\u0103 via\u021ba poate deveni o rug\u0103ciune \u00een mers, iar durerea, o scar\u0103 c\u0103tre Rai. Prin tot ce este, devine o prezen\u021b\u0103 care aprinde \u00een al\u021bii dorin\u021ba de a deveni mai mult dec\u00e2t au visat vreodat\u0103.Metoda celor 12 trepte de iluminare, prezentat\u0103 \u00een cartea <em data-start=\"863\" data-end=\"878\">Scara Raiului<\/em>, este o revela\u021bie, o tr\u0103ire, o c\u0103l\u0103uz\u0103 pentru sufletul care \u00eendr\u0103zne\u0219te s\u0103 se reg\u0103seasc\u0103 \u0219i s\u0103 se iubeasc\u0103.<\/p>\n<p data-start=\"989\" data-end=\"1325\">Malina este o fiin\u021b\u0103 care scrie cu inima, creeaz\u0103 cu credin\u021b\u0103 \u0219i d\u0103ruie\u0219te cu toat\u0103 fiin\u021ba sa. Prin tot ceea ce face, devine o prezen\u021b\u0103 vie care sus\u021bine, inspir\u0103 \u0219i \u00eenal\u021b\u0103, fiind pentru mul\u021bi oameni acel \u00eenger \u00eentrupat care le aminte\u0219te c\u0103 fiecare fiin\u021b\u0103 are puterea de a transforma durerea \u00een lumin\u0103 \u0219i via\u021ba \u00eentr-un RAI tr\u0103it cu sens.<\/p>\n<p><strong>Publica\u021bia<\/strong><\/p>\n<p>Editura Maliterra<\/p>\n<p><strong>Pagini<\/strong><\/p>\n<p>363 pagini<\/p>\n<p><strong>Lansare<\/strong><\/p>\n<p>2024<\/p>\n<p><strong>Limba<\/strong><\/p>\n<p>Rom\u00e2n\u0103<\/p>\n<p>&nbsp;<\/p>\n<h2><strong>Cuvintele cititorilor<\/strong><\/h2>\n<p><em>\u201eAcest volum unic, semnat de <strong>M\u0103lina Mariana Bj\u00f6rklund<\/strong>, te invit\u0103 s\u0103 explorezi c\u0103l\u0103toria transformatoare <strong>de la orfelinat la puterea creatoare a unui antreprenor al propriei vie\u021bi<\/strong>.\u00a0Poate fi o introspec\u021bie asupra existen\u021bei, pentru c\u0103 to\u021bi suntem, la un moment dat, ni\u0219te orfani \u00een c\u0103utarea echilibrului.<\/em><\/p>\n<p><em><strong>Scara Raiului<\/strong> este o carte valoroas\u0103 ce \u00eembin\u0103 pove\u0219ti de via\u021b\u0103 \u0219i o metod\u0103 unic\u0103, practic\u0103, \u00een <strong>12 trepte,<\/strong> care te sus\u021bine s\u0103 descoperi lumina interioar\u0103 \u0219i s\u0103-\u021bi \u00eempline\u0219ti scopul \u00een aceast\u0103 lume.\u00a0Fiecare treapt\u0103 este o lec\u021bie, un pas \u00eenainte spre \u00een\u021belegere, \u00eemplinire \u0219i iluminare.<\/em><\/p>\n<p><em><strong>M\u0103lina Bj\u00f6rklund<\/strong> ofer\u0103 o combina\u021bie profund\u0103 de \u00een\u021belepciune spiritual\u0103, experien\u021be de via\u021b\u0103 \u0219i strategii practice pentru a-\u021bi reg\u0103si drumul \u0219i a crea o via\u021b\u0103 plin\u0103 de sens.<\/em><\/p>\n<p><em>Aceasta este o carte care \u00ee\u021bi va deschide mintea, \u00ee\u021bi va \u00eembl\u00e2nzi inima \u0219i \u00ee\u021bi va \u00een\u0103l\u021ba sufletul.<\/em><\/p>\n<p><em><strong>E\u0219ti preg\u0103tit s\u0103 urci Scara Raiului?\u201d<\/strong><\/em><\/p>\n<p><em><strong>Prof. Petru\u021ba Petre<\/strong><\/em><\/p>\n<p><strong>\u00a0 \u00a0 \u00a0 \u00a0 \u00a0 \u00a0 \u00a0 \u00a0 \u00a0 \u00a0 \u00a0 \u00a0 \u00a0 \u00a0 \u00a0 \u00a0 \u00a0 \u00a0 \u00a0 \u00a0 \u00a0 \u00a0 \u00a0 \u00a0 \u00a0 \u00a0 \u00a0 \u00a0 \u00a0 \u00a0 \u00a0 \u00a0***<\/strong><\/p>\n<p><em><strong>\u201eDoamne&#8230;<\/strong>Felicit\u0103ri, <strong>M\u0103lina<\/strong>, e\u0219ti un suflet minunat!\u00a0Am ajuns cu bine acas\u0103, la <strong>Bac\u0103u<\/strong>, \u0219i, dintre toate c\u0103r\u021bile achizi\u021bionate , de\u0219i pe toate a\u0219 fi vrut s\u0103 le citesc la fel de mult, ochii \u0219i mintea m-au dus spre <strong>Scara Raiului<\/strong>&#8230;\u00a0<\/em><em>E\u0219ti fenomenal\u0103, <strong>M\u0103lina<\/strong>! Ai reu\u0219it, \u00eenc\u0103 din primul capitol, s\u0103-mi transmi\u021bi esen\u021ba copil\u0103riei tale, de la suflet la suflet&#8230; te-am sim\u021bit \u0219i am tr\u0103it al\u0103turi de tine acele momente.\u00a0M\u0103 bucur nespus c\u0103 te-am cunoscut! F\u0103r\u0103 s\u0103 mi te prezinte cineva, pur \u0219i simplu am fost atras\u0103 de tine ca de un magnet&#8230;\u00a0E\u0219ti magnetul care poate atrage omenirea spre <strong>Rai<\/strong>.\u00a0Abia a\u0219tept ca m\u00e2ine, dup\u0103 Sf\u00e2nta \u0219i Dumnezeiasca Liturghie, s\u0103 revin \u0219i s\u0103 continui s\u0103 citesc cartea ta!\u00a0Sunt recunosc\u0103toare Bunului Dumnezeu c\u0103 mi te-a scos \u00een cale!\u00a0Acum merg s\u0103-mi fac rug\u0103ciunile \u0219i te voi pomeni cu drag, pe tine \u0219i familia ta.\u00a0M\u0103 bucur c\u0103 te-ai \u00eentors la origini, c\u0103 \u021bi-ai g\u0103sit mama natural\u0103 \u0219i c\u0103 ai acceptat-o f\u0103r\u0103 s\u0103 o judeci. De\u0219i ai trecut prin multe, ai demonstrat ce \u00eenseamn\u0103 <strong>iubire, acceptare \u0219i recuno\u0219tin\u021b\u0103<\/strong>.\u201d<\/em><\/p>\n<p><em>Te \u00eembr\u0103\u021bi\u0219ez cu toat\u0103 dragostea.<\/em><\/p>\n<p><em><strong>Noapte binecuv\u00e2ntat\u0103, \u00eenger de lumin\u0103! Gina Riglea\u201d<\/strong><\/em><\/p>\n<p><strong>****<\/strong><\/p>\n<p><em><strong>\u201e <\/strong><strong>\u00cenger drag, <\/strong>Ast\u0103zi, cerurile s-au deschis pentru a te aduce pe p\u0103m\u00e2nt \u0219i a te \u00eenzestra cu <strong>darul cuv\u00e2ntului<\/strong>. Cuv\u00e2ntul este puntea dintre Cer \u0219i P\u0103m\u00e2nt, dintre fiin\u021b\u0103 \u0219i nefiin\u021b\u0103. La nivel de g\u00e2nd divin, el se \u00eempline\u0219te \u00een iubirea care e\u0219ti ast\u0103zi.E\u0219ti <strong>darul lui Dumnezeu<\/strong> pe p\u0103m\u00e2nt, prin tot ceea ce El \u00eenf\u0103ptuie\u0219te prin tine. Scara Raiului interior o urci \u0219i o cobori cu u\u0219urin\u021b\u0103, c\u0103ci e\u0219ti sus\u021binut\u0103 de El pentru a \u00eenv\u0103\u021ba <strong>lec\u021biile lui \u201eA FI\u201d<\/strong>. Ceea ce m-a atras la tine, \u00eenc\u0103 de la \u00eenceput, este <strong>puterea de a te dep\u0103\u0219i pe tine \u00eens\u0103\u021bi<\/strong> \u0219i dorin\u021ba profund\u0103 de a-i ajuta pe ceilal\u021bi s\u0103 \u00ee\u0219i scoat\u0103 emo\u021biile la suprafa\u021b\u0103.<\/em><\/p>\n<p><em> Ai harul de a-i ghida pe oameni spre <strong>esen\u021ba lor pur\u0103<\/strong>, astfel \u00eenc\u00e2t, r\u0103m\u00e2n\u00e2nd goi de propriile m\u0103\u0219ti, s\u0103-L vad\u0103 pe Dumnezeu \u00een toate evenimentele vie\u021bii, un dar de Sus, de nepre\u021buit.\u0218i, cel mai minunat, este c\u0103 Dumnezeu a creat o asemenea situa\u021bie de via\u021b\u0103 \u00eenc\u00e2t s\u0103 trimit\u0103, prin tine, <strong>unul dintre darurile Sale<\/strong>: pe copilul M\u0103lina, cu mama sa al\u0103turi, \u00een toat\u0103 for\u021ba Iubirii, pentru a d\u0103rui mai departe <strong>lumina g\u00e2ndului \u0219i puterea cuv\u00e2ntului<\/strong>.<a href=\"https:\/\/www.facebook.com\/malina.penciu?__cft__%5b0%5d=AZUlzZZXIsuoM5i3o2oO2LYc26gwGNiJSZpJ7Vlt3wsU_X3vkNtXoDXeOjIiqaMhyv9ZpeHv2ybiyoRsFFvC0CGIMFgrUXJPoKDVSTpki7nWFC_Y2AC_ThQ_Y_bOBFZS2_wXlvpAwO7xKXb0RQNT2UY_zKRYocgTsTSZVm3wMrXozA&amp;__tn__=-%5dK-R\"><strong>Malina Bj\u00f6rklund Penciu<\/strong><\/a> un suflet curajos care a spart tiparul min\u021bii prin modul autentic de exprimare \u0219i tr\u0103irile personale exprimate cu ajutorul lui Dumnezeu, o c\u0103l\u0103torie \u00een interior care poate trezi multe con\u0219tiin\u021be adormite. Mul\u021bumesc din inim\u0103, suflet pentru ceea ce e\u0219ti \u0219i ceea ce d\u0103ruie\u0219ti Lumii. Dai din ceea ce e\u0219ti\u201d<\/em><\/p>\n<p><em><strong>Respect.<\/strong><\/em><br \/>\n<em>Te \u00eembr\u0103\u021bi\u0219ez cu inima. Mariana Bejan<\/em><\/p>\n<p>&nbsp;<\/p>\n<p><strong>***<\/strong><\/p>\n<p><em>\u201eDrag\u0103 autor, a<\/em><em>m \u00eenceput cu mare interes s\u0103 citesc cartea ta primit\u0103 \u00een dar de la tine. \u00cenc\u0103 de la \u00eenceput am fost impresionat\u0103 de mesajul t\u0103u: \u201e drumul fiec\u0103rei fiin\u021be umane c\u0103tre sine este c\u0103rarea \u00eemp\u0103r\u0103\u021biei divine\u201d (pagina 24), apoi am inspirat \u0219i \u0219tii ce la pagina 57, am expirat \u0219i am izbucnit \u00een pl\u00e2ns tulburat\u0103 de emo\u021biile copilului M\u0103lina care spera la o mam\u0103 iubitoare. Nu am mai citit, am sim\u021bit imediat nevoia s\u0103 \u00eemp\u0103rt\u0103\u0219esc cu cineva ce poveste are acest copil M\u0103lina. I-am povestit colegei de camer\u0103, unde sunt internat\u0103 la balnear , doamna Rotai\u021b\u0103 mi-a absorbit cu interes povestea \u0219i am l\u0103crimat \u00eenc\u0103 o dat\u0103 \u00eempreun\u0103. La pagina 78 \u0219i 79 am, realizat c\u00e2t e\u0219ti de incredibil\u0103, \u00een stabilirea echilibrului emo\u021bional al cititorului pe de o parte dest\u0103inuirea identit\u0103\u021bii emo\u021biile dintre tat\u0103 \u0219i fiica iar de cealalt\u0103, bucuria cunoa\u0219terii mamei. Azi m-am oprit la pagina 81 tocmai pentru c\u0103 nu vreau s\u0103 parcurg f\u0103r\u0103 s\u0103 mai respir, s\u0103 o savurez a\u0219a dumicat cu dumicat. Mai mult este prima mea carte unde am pus semne cu pasaje cu care s\u0103 le re\u021bin. <\/em><\/p>\n<p><em>Binecuv\u00e2ntarea ta de a avea la nunta ta pe mama ta biologic\u0103 pe tat\u0103l t\u0103u adoptiv, to\u021bi cei dragi este darul t\u0103u divin bine meritat. Am parcurs o scar\u0103 a Raiului copilului M\u0103lina. Ne revedem la urm\u0103toarea etap\u0103 \u00een povestea M\u0103linei.\u201d<\/em><\/p>\n<p><em>\u00a0Mul\u021bumesc, Mirela Moise<\/em><\/p>\n<p>&nbsp;<\/p>\n<p><strong>***<\/strong><\/p>\n<p><em>&#8222;Scara Raiului&#8221;, autor Malina Mariana Bj\u00f6rklund, o carte excep\u021bional\u0103 plin\u0103 de emotii si tr\u0103iri, pe care o recomand spre lecturare cu mult\u0103, mult\u0103 c\u0103ldur\u0103! Trebuie s\u0103 recunosc c\u0103 fiecare dintre noi avem nevoie de o &#8222;Scar\u0103 a raiului&#8221; doar c\u0103 trebuie cu adev\u0103rat s\u0103 ne dorim acest lucru. Citind aceste r\u00e2nduri, mi-am dat seama c\u0103 Dumneavoastr\u0103 sunte\u021bi un bun exemplu de bun\u0103tate \u0219i demnitate \u0219i demonstra\u021bi tuturor c\u0103, \u00een via\u021b\u0103, numai credin\u021ba \u00een Bunul Dumnezeu te ajuta s\u0103 parcurgi cu u\u0219urin\u021b\u0103 filele de carte ale vie\u021bii, oricum ar fi ea \u0219i cu bune \u0219i cu rele. V\u0103 doresc mult succes \u00een carier\u0103!\u201d<\/em><\/p>\n<p><a href=\"https:\/\/www.facebook.com\/strugaru.mariana?comment_id=Y29tbWVudDoyNDQzNDkzNjE3OTQ0MzQxMV8xOTUxMDQ1NzIyMzAzNjM1&amp;__cft__%5b0%5d=AZWRX8vRm_YQ0Q3fseB9eRqvawTDOf4XzU9-afjMoHh1bFOeOzTh9ASF4UvhuL2M9dFnK2yrTQtM0iuwIn3YEFFcKmeObScILO2eli8tLWCUP57qLpFlcsFOCy7POrCzXPcUr1zqqiAWfuQSxzyLW6T4Pon25appIe3eq1OEdiWBWg&amp;__tn__=R-R\"><strong>,Strugaru Mariana<\/strong><\/a><\/p>\n<p>&nbsp;<\/p>\n","protected":false},"excerpt":{"rendered":"<p>Despre carte Cartea a fost lansat\u0103 pentru prima dat\u0103 pe 15 Februarie 2025, la Bucure\u0219ti, sub egida Editurii Createrra, \u00een evenimentul de lansare de carte colectiv\u0103 &#8211;TransformNation, un eveniment caritabil, unde \u00eempreun\u0103 cu al\u021bi 89 de autori, a intrat \u00een Cartea Recordurilor \u00een Rom\u00e2nia, fiind cel mai mare eveniment de lansare de carte colectiv. Ulterior cartea a fost publicat\u0103 \u0219i\u2026<\/p>\n","protected":false},"featured_media":2229,"comment_status":"open","ping_status":"closed","template":"","meta":[],"product_brand":[],"product_cat":[45],"product_tag":[],"class_list":{"0":"post-2227","1":"product","2":"type-product","3":"status-publish","4":"has-post-thumbnail","6":"product_cat-carti","8":"first","9":"instock","10":"featured","11":"shipping-taxable","12":"purchasable","13":"product-type-simple"},"_links":{"self":[{"href":"https:\/\/maliterra.ro\/index.php?rest_route=\/wp\/v2\/product\/2227","targetHints":{"allow":["GET"]}}],"collection":[{"href":"https:\/\/maliterra.ro\/index.php?rest_route=\/wp\/v2\/product"}],"about":[{"href":"https:\/\/maliterra.ro\/index.php?rest_route=\/wp\/v2\/types\/product"}],"replies":[{"embeddable":true,"href":"https:\/\/maliterra.ro\/index.php?rest_route=%2Fwp%2Fv2%2Fcomments&post=2227"}],"wp:featuredmedia":[{"embeddable":true,"href":"https:\/\/maliterra.ro\/index.php?rest_route=\/wp\/v2\/media\/2229"}],"wp:attachment":[{"href":"https:\/\/maliterra.ro\/index.php?rest_route=%2Fwp%2Fv2%2Fmedia&parent=2227"}],"wp:term":[{"taxonomy":"product_brand","embeddable":true,"href":"https:\/\/maliterra.ro\/index.php?rest_route=%2Fwp%2Fv2%2Fproduct_brand&post=2227"},{"taxonomy":"product_cat","embeddable":true,"href":"https:\/\/maliterra.ro\/index.php?rest_route=%2Fwp%2Fv2%2Fproduct_cat&post=2227"},{"taxonomy":"product_tag","embeddable":true,"href":"https:\/\/maliterra.ro\/index.php?rest_route=%2Fwp%2Fv2%2Fproduct_tag&post=2227"}],"curies":[{"name":"wp","href":"https:\/\/api.w.org\/{rel}","templated":true}]}}